{"id":59,"date":"2023-03-01T13:10:28","date_gmt":"2023-03-01T12:10:28","guid":{"rendered":"https:\/\/weisol-consulting.com\/esp\/?page_id=59"},"modified":"2023-03-25T10:16:43","modified_gmt":"2023-03-25T09:16:43","slug":"downloads","status":"publish","type":"page","link":"https:\/\/weisol-consulting.com\/esp\/downloads\/","title":{"rendered":"Downloads"},"content":{"rendered":"\n<p>\u00a1En esta \u00e1rea siempre encontrar\u00e1 res\u00famenes sobre temas interesantes para descargar!<\/p>\n\n\n\n<p>Actualmente disponible en aleman, en espanol a corto plazo:<\/p>\n\n\n\n<p><strong>WEISOL Consulting<\/strong> &#8211; La gran lista de verificaci\u00f3n de diligencia debida para m\u00e1s seguridad y rentabilidad en transacciones corporativas<\/p>\n\n\n\n<p><strong>WEISOL Consulting<\/strong> &#8211; Diversos m\u00e9todos de valoraci\u00f3n de empresas para calcular el valor de la empresa<\/p>\n","protected":false},"excerpt":{"rendered":"<p>\u00a1En esta \u00e1rea siempre encontrar\u00e1 res\u00famenes sobre temas interesantes para descargar! Actualmente disponible en aleman, en espanol a corto plazo: WEISOL Consulting &#8211; La gran lista de verificaci\u00f3n de diligencia debida para m\u00e1s seguridad y rentabilidad en transacciones corporativas WEISOL Consulting &#8211; Diversos m\u00e9todos de valoraci\u00f3n de empresas para calcular el valor de la empresa<\/p>\n","protected":false},"author":1,"featured_media":0,"parent":0,"menu_order":70,"comment_status":"closed","ping_status":"closed","template":"","meta":{"footnotes":""},"class_list":["post-59","page","type-page","status-publish"],"yoast_head":"<!-- This site is optimized with the Yoast SEO plugin v27.4 - https:\/\/yoast.com\/product\/yoast-seo-wordpress\/ -->\n<title>Downloads - WEISOL Consulting Esp<\/title>\n<meta name=\"robots\" content=\"index, follow, max-snippet:-1, max-image-preview:large, max-video-preview:-1\" \/>\n<link rel=\"canonical\" href=\"https:\/\/weisol-consulting.com\/esp\/downloads\/\" \/>\n<meta property=\"og:locale\" content=\"es_ES\" \/>\n<meta property=\"og:type\" content=\"article\" \/>\n<meta property=\"og:title\" content=\"Downloads - WEISOL Consulting Esp\" \/>\n<meta property=\"og:description\" content=\"\u00a1En esta \u00e1rea siempre encontrar\u00e1 res\u00famenes sobre temas interesantes para descargar! Actualmente disponible en aleman, en espanol a corto plazo: WEISOL Consulting &#8211; La gran lista de verificaci\u00f3n de diligencia debida para m\u00e1s seguridad y rentabilidad en transacciones corporativas WEISOL Consulting &#8211; Diversos m\u00e9todos de valoraci\u00f3n de empresas para calcular el valor de la empresa\" \/>\n<meta property=\"og:url\" content=\"https:\/\/weisol-consulting.com\/esp\/downloads\/\" \/>\n<meta property=\"og:site_name\" content=\"WEISOL Consulting Esp\" \/>\n<meta property=\"article:modified_time\" content=\"2023-03-25T09:16:43+00:00\" \/>\n<meta name=\"twitter:card\" content=\"summary_large_image\" \/>\n<meta name=\"twitter:label1\" content=\"Tiempo de lectura\" \/>\n\t<meta name=\"twitter:data1\" content=\"1 minuto\" \/>\n<script type=\"application\/ld+json\" class=\"yoast-schema-graph\">{\"@context\":\"https:\\\/\\\/schema.org\",\"@graph\":[{\"@type\":\"WebPage\",\"@id\":\"https:\\\/\\\/weisol-consulting.com\\\/esp\\\/downloads\\\/\",\"url\":\"https:\\\/\\\/weisol-consulting.com\\\/esp\\\/downloads\\\/\",\"name\":\"Downloads - WEISOL Consulting Esp\",\"isPartOf\":{\"@id\":\"https:\\\/\\\/weisol-consulting.com\\\/esp\\\/#website\"},\"datePublished\":\"2023-03-01T12:10:28+00:00\",\"dateModified\":\"2023-03-25T09:16:43+00:00\",\"breadcrumb\":{\"@id\":\"https:\\\/\\\/weisol-consulting.com\\\/esp\\\/downloads\\\/#breadcrumb\"},\"inLanguage\":\"es\",\"potentialAction\":[{\"@type\":\"ReadAction\",\"target\":[\"https:\\\/\\\/weisol-consulting.com\\\/esp\\\/downloads\\\/\"]}]},{\"@type\":\"BreadcrumbList\",\"@id\":\"https:\\\/\\\/weisol-consulting.com\\\/esp\\\/downloads\\\/#breadcrumb\",\"itemListElement\":[{\"@type\":\"ListItem\",\"position\":1,\"name\":\"Startseite\",\"item\":\"https:\\\/\\\/weisol-consulting.com\\\/esp\\\/\"},{\"@type\":\"ListItem\",\"position\":2,\"name\":\"Downloads\"}]},{\"@type\":\"WebSite\",\"@id\":\"https:\\\/\\\/weisol-consulting.com\\\/esp\\\/#website\",\"url\":\"https:\\\/\\\/weisol-consulting.com\\\/esp\\\/\",\"name\":\"WEISOL Consulting Esp\",\"description\":\"For Your Business\",\"publisher\":{\"@id\":\"https:\\\/\\\/weisol-consulting.com\\\/esp\\\/#organization\"},\"potentialAction\":[{\"@type\":\"SearchAction\",\"target\":{\"@type\":\"EntryPoint\",\"urlTemplate\":\"https:\\\/\\\/weisol-consulting.com\\\/esp\\\/?s={search_term_string}\"},\"query-input\":{\"@type\":\"PropertyValueSpecification\",\"valueRequired\":true,\"valueName\":\"search_term_string\"}}],\"inLanguage\":\"es\"},{\"@type\":\"Organization\",\"@id\":\"https:\\\/\\\/weisol-consulting.com\\\/esp\\\/#organization\",\"name\":\"WEISOL Consulting Esp\",\"url\":\"https:\\\/\\\/weisol-consulting.com\\\/esp\\\/\",\"logo\":{\"@type\":\"ImageObject\",\"inLanguage\":\"es\",\"@id\":\"https:\\\/\\\/weisol-consulting.com\\\/esp\\\/#\\\/schema\\\/logo\\\/image\\\/\",\"url\":\"https:\\\/\\\/weisol-consulting.com\\\/esp\\\/wp-content\\\/uploads\\\/sites\\\/3\\\/2023\\\/03\\\/cropped-WEISOL-400.jpg\",\"contentUrl\":\"https:\\\/\\\/weisol-consulting.com\\\/esp\\\/wp-content\\\/uploads\\\/sites\\\/3\\\/2023\\\/03\\\/cropped-WEISOL-400.jpg\",\"width\":400,\"height\":61,\"caption\":\"WEISOL Consulting Esp\"},\"image\":{\"@id\":\"https:\\\/\\\/weisol-consulting.com\\\/esp\\\/#\\\/schema\\\/logo\\\/image\\\/\"}}]}<\/script>\n<!-- \/ Yoast SEO plugin. -->","yoast_head_json":{"title":"Downloads - WEISOL Consulting Esp","robots":{"index":"index","follow":"follow","max-snippet":"max-snippet:-1","max-image-preview":"max-image-preview:large","max-video-preview":"max-video-preview:-1"},"canonical":"https:\/\/weisol-consulting.com\/esp\/downloads\/","og_locale":"es_ES","og_type":"article","og_title":"Downloads - WEISOL Consulting Esp","og_description":"\u00a1En esta \u00e1rea siempre encontrar\u00e1 res\u00famenes sobre temas interesantes para descargar! Actualmente disponible en aleman, en espanol a corto plazo: WEISOL Consulting &#8211; La gran lista de verificaci\u00f3n de diligencia debida para m\u00e1s seguridad y rentabilidad en transacciones corporativas WEISOL Consulting &#8211; Diversos m\u00e9todos de valoraci\u00f3n de empresas para calcular el valor de la empresa","og_url":"https:\/\/weisol-consulting.com\/esp\/downloads\/","og_site_name":"WEISOL Consulting Esp","article_modified_time":"2023-03-25T09:16:43+00:00","twitter_card":"summary_large_image","twitter_misc":{"Tiempo de lectura":"1 minuto"},"schema":{"@context":"https:\/\/schema.org","@graph":[{"@type":"WebPage","@id":"https:\/\/weisol-consulting.com\/esp\/downloads\/","url":"https:\/\/weisol-consulting.com\/esp\/downloads\/","name":"Downloads - WEISOL Consulting Esp","isPartOf":{"@id":"https:\/\/weisol-consulting.com\/esp\/#website"},"datePublished":"2023-03-01T12:10:28+00:00","dateModified":"2023-03-25T09:16:43+00:00","breadcrumb":{"@id":"https:\/\/weisol-consulting.com\/esp\/downloads\/#breadcrumb"},"inLanguage":"es","potentialAction":[{"@type":"ReadAction","target":["https:\/\/weisol-consulting.com\/esp\/downloads\/"]}]},{"@type":"BreadcrumbList","@id":"https:\/\/weisol-consulting.com\/esp\/downloads\/#breadcrumb","itemListElement":[{"@type":"ListItem","position":1,"name":"Startseite","item":"https:\/\/weisol-consulting.com\/esp\/"},{"@type":"ListItem","position":2,"name":"Downloads"}]},{"@type":"WebSite","@id":"https:\/\/weisol-consulting.com\/esp\/#website","url":"https:\/\/weisol-consulting.com\/esp\/","name":"WEISOL Consulting Esp","description":"For Your Business","publisher":{"@id":"https:\/\/weisol-consulting.com\/esp\/#organization"},"potentialAction":[{"@type":"SearchAction","target":{"@type":"EntryPoint","urlTemplate":"https:\/\/weisol-consulting.com\/esp\/?s={search_term_string}"},"query-input":{"@type":"PropertyValueSpecification","valueRequired":true,"valueName":"search_term_string"}}],"inLanguage":"es"},{"@type":"Organization","@id":"https:\/\/weisol-consulting.com\/esp\/#organization","name":"WEISOL Consulting Esp","url":"https:\/\/weisol-consulting.com\/esp\/","logo":{"@type":"ImageObject","inLanguage":"es","@id":"https:\/\/weisol-consulting.com\/esp\/#\/schema\/logo\/image\/","url":"https:\/\/weisol-consulting.com\/esp\/wp-content\/uploads\/sites\/3\/2023\/03\/cropped-WEISOL-400.jpg","contentUrl":"https:\/\/weisol-consulting.com\/esp\/wp-content\/uploads\/sites\/3\/2023\/03\/cropped-WEISOL-400.jpg","width":400,"height":61,"caption":"WEISOL Consulting Esp"},"image":{"@id":"https:\/\/weisol-consulting.com\/esp\/#\/schema\/logo\/image\/"}}]}},"_links":{"self":[{"href":"https:\/\/weisol-consulting.com\/esp\/wp-json\/wp\/v2\/pages\/59","targetHints":{"allow":["GET"]}}],"collection":[{"href":"https:\/\/weisol-consulting.com\/esp\/wp-json\/wp\/v2\/pages"}],"about":[{"href":"https:\/\/weisol-consulting.com\/esp\/wp-json\/wp\/v2\/types\/page"}],"author":[{"embeddable":true,"href":"https:\/\/weisol-consulting.com\/esp\/wp-json\/wp\/v2\/users\/1"}],"replies":[{"embeddable":true,"href":"https:\/\/weisol-consulting.com\/esp\/wp-json\/wp\/v2\/comments?post=59"}],"version-history":[{"count":3,"href":"https:\/\/weisol-consulting.com\/esp\/wp-json\/wp\/v2\/pages\/59\/revisions"}],"predecessor-version":[{"id":144,"href":"https:\/\/weisol-consulting.com\/esp\/wp-json\/wp\/v2\/pages\/59\/revisions\/144"}],"wp:attachment":[{"href":"https:\/\/weisol-consulting.com\/esp\/wp-json\/wp\/v2\/media?parent=59"}],"curies":[{"name":"wp","href":"https:\/\/api.w.org\/{rel}","templated":true}]}}