{"id":55,"date":"2023-03-01T13:08:50","date_gmt":"2023-03-01T12:08:50","guid":{"rendered":"https:\/\/weisol-consulting.com\/esp\/?page_id=55"},"modified":"2023-03-23T07:33:14","modified_gmt":"2023-03-23T06:33:14","slug":"estartegia","status":"publish","type":"page","link":"https:\/\/weisol-consulting.com\/esp\/concepto\/estartegia\/","title":{"rendered":"Estrategia"},"content":{"rendered":"\n<p>WEISOL Consulting tiene una estrategia clara. El concepto estrat\u00e9gico se basa en un claro posicionamiento y diferenciaci\u00f3n.<\/p>\n\n\n\n<p>WEISOL Consulting se enfoca en start-ups (ya sea absorbiendo una empresa existente o con una idea propia) en el sector de las peque\u00f1as y medianas empresas. \u00bfHas decidido ser aut\u00f3nomo como individuo? \u00a1Te apoyamos y acompa\u00f1amos en todas las \u00e1reas del proyecto!<\/p>\n\n\n\n<p>Damos gran importancia al apoyo en todas las fases importantes: evaluaci\u00f3n y an\u00e1lisis del proyecto planificado (si es necesario, evaluaci\u00f3n de una empresa), preparaci\u00f3n del plan de negocios detallado con todos los componentes, obtenci\u00f3n de financiamiento, contacto con bancos y otros inversores, redacci\u00f3n de todos los contratos &#8211; y muy importante: el apoyo despu\u00e9s de la adquisici\u00f3n \/ el inicio de su propio negocio. Este punto en particular es muy importante para nosotros.<\/p>\n\n\n\n<p>Adem\u00e1s del asesoramiento y el apoyo reales para su proyecto, WEISOL Consulting se ve a s\u00ed mismo como un contacto bien conectado con socios de cooperaci\u00f3n, proveedores de servicios y asociaciones, que generalmente se requieren para la implementaci\u00f3n exitosa de los proyectos. \u00a1La estrategia de WEISOL Consulting est\u00e1 dirigida a hacer de su trabajo por cuenta propia un \u00e9xito a largo plazo!<\/p>\n","protected":false},"excerpt":{"rendered":"<p>WEISOL Consulting tiene una estrategia clara. El concepto estrat\u00e9gico se basa en un claro posicionamiento y diferenciaci\u00f3n. WEISOL Consulting se enfoca en start-ups (ya sea absorbiendo una empresa existente o con una idea propia) en el sector de las peque\u00f1as y medianas empresas. \u00bfHas decidido ser aut\u00f3nomo como individuo? \u00a1Te apoyamos y acompa\u00f1amos en todas &#8230; <a title=\"Estrategia\" class=\"read-more\" href=\"https:\/\/weisol-consulting.com\/esp\/concepto\/estartegia\/\" aria-label=\"Leer m\u00e1s sobre Estrategia\">Leer m\u00e1s<\/a><\/p>\n","protected":false},"author":1,"featured_media":0,"parent":50,"menu_order":24,"comment_status":"closed","ping_status":"closed","template":"","meta":{"footnotes":""},"class_list":["post-55","page","type-page","status-publish"],"yoast_head":"<!-- This site is optimized with the Yoast SEO plugin v27.4 - https:\/\/yoast.com\/product\/yoast-seo-wordpress\/ -->\n<title>Estrategia - WEISOL Consulting Esp<\/title>\n<meta name=\"robots\" content=\"index, follow, max-snippet:-1, max-image-preview:large, max-video-preview:-1\" \/>\n<link rel=\"canonical\" href=\"https:\/\/weisol-consulting.com\/esp\/concepto\/estartegia\/\" \/>\n<meta property=\"og:locale\" content=\"es_ES\" \/>\n<meta property=\"og:type\" content=\"article\" \/>\n<meta property=\"og:title\" content=\"Estrategia - WEISOL Consulting Esp\" \/>\n<meta property=\"og:description\" content=\"WEISOL Consulting tiene una estrategia clara. El concepto estrat\u00e9gico se basa en un claro posicionamiento y diferenciaci\u00f3n. WEISOL Consulting se enfoca en start-ups (ya sea absorbiendo una empresa existente o con una idea propia) en el sector de las peque\u00f1as y medianas empresas. \u00bfHas decidido ser aut\u00f3nomo como individuo? \u00a1Te apoyamos y acompa\u00f1amos en todas ... Leer m\u00e1s\" \/>\n<meta property=\"og:url\" content=\"https:\/\/weisol-consulting.com\/esp\/concepto\/estartegia\/\" \/>\n<meta property=\"og:site_name\" content=\"WEISOL Consulting Esp\" \/>\n<meta property=\"article:modified_time\" content=\"2023-03-23T06:33:14+00:00\" \/>\n<meta name=\"twitter:card\" content=\"summary_large_image\" \/>\n<meta name=\"twitter:label1\" content=\"Tiempo de lectura\" \/>\n\t<meta name=\"twitter:data1\" content=\"1 minuto\" \/>\n<script type=\"application\/ld+json\" class=\"yoast-schema-graph\">{\"@context\":\"https:\\\/\\\/schema.org\",\"@graph\":[{\"@type\":\"WebPage\",\"@id\":\"https:\\\/\\\/weisol-consulting.com\\\/esp\\\/concepto\\\/estartegia\\\/\",\"url\":\"https:\\\/\\\/weisol-consulting.com\\\/esp\\\/concepto\\\/estartegia\\\/\",\"name\":\"Estrategia - WEISOL Consulting Esp\",\"isPartOf\":{\"@id\":\"https:\\\/\\\/weisol-consulting.com\\\/esp\\\/#website\"},\"datePublished\":\"2023-03-01T12:08:50+00:00\",\"dateModified\":\"2023-03-23T06:33:14+00:00\",\"breadcrumb\":{\"@id\":\"https:\\\/\\\/weisol-consulting.com\\\/esp\\\/concepto\\\/estartegia\\\/#breadcrumb\"},\"inLanguage\":\"es\",\"potentialAction\":[{\"@type\":\"ReadAction\",\"target\":[\"https:\\\/\\\/weisol-consulting.com\\\/esp\\\/concepto\\\/estartegia\\\/\"]}]},{\"@type\":\"BreadcrumbList\",\"@id\":\"https:\\\/\\\/weisol-consulting.com\\\/esp\\\/concepto\\\/estartegia\\\/#breadcrumb\",\"itemListElement\":[{\"@type\":\"ListItem\",\"position\":1,\"name\":\"Startseite\",\"item\":\"https:\\\/\\\/weisol-consulting.com\\\/esp\\\/\"},{\"@type\":\"ListItem\",\"position\":2,\"name\":\"Concepto\",\"item\":\"https:\\\/\\\/weisol-consulting.com\\\/esp\\\/concepto\\\/\"},{\"@type\":\"ListItem\",\"position\":3,\"name\":\"Estrategia\"}]},{\"@type\":\"WebSite\",\"@id\":\"https:\\\/\\\/weisol-consulting.com\\\/esp\\\/#website\",\"url\":\"https:\\\/\\\/weisol-consulting.com\\\/esp\\\/\",\"name\":\"WEISOL Consulting Esp\",\"description\":\"For Your Business\",\"publisher\":{\"@id\":\"https:\\\/\\\/weisol-consulting.com\\\/esp\\\/#organization\"},\"potentialAction\":[{\"@type\":\"SearchAction\",\"target\":{\"@type\":\"EntryPoint\",\"urlTemplate\":\"https:\\\/\\\/weisol-consulting.com\\\/esp\\\/?s={search_term_string}\"},\"query-input\":{\"@type\":\"PropertyValueSpecification\",\"valueRequired\":true,\"valueName\":\"search_term_string\"}}],\"inLanguage\":\"es\"},{\"@type\":\"Organization\",\"@id\":\"https:\\\/\\\/weisol-consulting.com\\\/esp\\\/#organization\",\"name\":\"WEISOL Consulting Esp\",\"url\":\"https:\\\/\\\/weisol-consulting.com\\\/esp\\\/\",\"logo\":{\"@type\":\"ImageObject\",\"inLanguage\":\"es\",\"@id\":\"https:\\\/\\\/weisol-consulting.com\\\/esp\\\/#\\\/schema\\\/logo\\\/image\\\/\",\"url\":\"https:\\\/\\\/weisol-consulting.com\\\/esp\\\/wp-content\\\/uploads\\\/sites\\\/3\\\/2023\\\/03\\\/cropped-WEISOL-400.jpg\",\"contentUrl\":\"https:\\\/\\\/weisol-consulting.com\\\/esp\\\/wp-content\\\/uploads\\\/sites\\\/3\\\/2023\\\/03\\\/cropped-WEISOL-400.jpg\",\"width\":400,\"height\":61,\"caption\":\"WEISOL Consulting Esp\"},\"image\":{\"@id\":\"https:\\\/\\\/weisol-consulting.com\\\/esp\\\/#\\\/schema\\\/logo\\\/image\\\/\"}}]}<\/script>\n<!-- \/ Yoast SEO plugin. -->","yoast_head_json":{"title":"Estrategia - WEISOL Consulting Esp","robots":{"index":"index","follow":"follow","max-snippet":"max-snippet:-1","max-image-preview":"max-image-preview:large","max-video-preview":"max-video-preview:-1"},"canonical":"https:\/\/weisol-consulting.com\/esp\/concepto\/estartegia\/","og_locale":"es_ES","og_type":"article","og_title":"Estrategia - WEISOL Consulting Esp","og_description":"WEISOL Consulting tiene una estrategia clara. El concepto estrat\u00e9gico se basa en un claro posicionamiento y diferenciaci\u00f3n. WEISOL Consulting se enfoca en start-ups (ya sea absorbiendo una empresa existente o con una idea propia) en el sector de las peque\u00f1as y medianas empresas. \u00bfHas decidido ser aut\u00f3nomo como individuo? \u00a1Te apoyamos y acompa\u00f1amos en todas ... Leer m\u00e1s","og_url":"https:\/\/weisol-consulting.com\/esp\/concepto\/estartegia\/","og_site_name":"WEISOL Consulting Esp","article_modified_time":"2023-03-23T06:33:14+00:00","twitter_card":"summary_large_image","twitter_misc":{"Tiempo de lectura":"1 minuto"},"schema":{"@context":"https:\/\/schema.org","@graph":[{"@type":"WebPage","@id":"https:\/\/weisol-consulting.com\/esp\/concepto\/estartegia\/","url":"https:\/\/weisol-consulting.com\/esp\/concepto\/estartegia\/","name":"Estrategia - WEISOL Consulting Esp","isPartOf":{"@id":"https:\/\/weisol-consulting.com\/esp\/#website"},"datePublished":"2023-03-01T12:08:50+00:00","dateModified":"2023-03-23T06:33:14+00:00","breadcrumb":{"@id":"https:\/\/weisol-consulting.com\/esp\/concepto\/estartegia\/#breadcrumb"},"inLanguage":"es","potentialAction":[{"@type":"ReadAction","target":["https:\/\/weisol-consulting.com\/esp\/concepto\/estartegia\/"]}]},{"@type":"BreadcrumbList","@id":"https:\/\/weisol-consulting.com\/esp\/concepto\/estartegia\/#breadcrumb","itemListElement":[{"@type":"ListItem","position":1,"name":"Startseite","item":"https:\/\/weisol-consulting.com\/esp\/"},{"@type":"ListItem","position":2,"name":"Concepto","item":"https:\/\/weisol-consulting.com\/esp\/concepto\/"},{"@type":"ListItem","position":3,"name":"Estrategia"}]},{"@type":"WebSite","@id":"https:\/\/weisol-consulting.com\/esp\/#website","url":"https:\/\/weisol-consulting.com\/esp\/","name":"WEISOL Consulting Esp","description":"For Your Business","publisher":{"@id":"https:\/\/weisol-consulting.com\/esp\/#organization"},"potentialAction":[{"@type":"SearchAction","target":{"@type":"EntryPoint","urlTemplate":"https:\/\/weisol-consulting.com\/esp\/?s={search_term_string}"},"query-input":{"@type":"PropertyValueSpecification","valueRequired":true,"valueName":"search_term_string"}}],"inLanguage":"es"},{"@type":"Organization","@id":"https:\/\/weisol-consulting.com\/esp\/#organization","name":"WEISOL Consulting Esp","url":"https:\/\/weisol-consulting.com\/esp\/","logo":{"@type":"ImageObject","inLanguage":"es","@id":"https:\/\/weisol-consulting.com\/esp\/#\/schema\/logo\/image\/","url":"https:\/\/weisol-consulting.com\/esp\/wp-content\/uploads\/sites\/3\/2023\/03\/cropped-WEISOL-400.jpg","contentUrl":"https:\/\/weisol-consulting.com\/esp\/wp-content\/uploads\/sites\/3\/2023\/03\/cropped-WEISOL-400.jpg","width":400,"height":61,"caption":"WEISOL Consulting Esp"},"image":{"@id":"https:\/\/weisol-consulting.com\/esp\/#\/schema\/logo\/image\/"}}]}},"_links":{"self":[{"href":"https:\/\/weisol-consulting.com\/esp\/wp-json\/wp\/v2\/pages\/55","targetHints":{"allow":["GET"]}}],"collection":[{"href":"https:\/\/weisol-consulting.com\/esp\/wp-json\/wp\/v2\/pages"}],"about":[{"href":"https:\/\/weisol-consulting.com\/esp\/wp-json\/wp\/v2\/types\/page"}],"author":[{"embeddable":true,"href":"https:\/\/weisol-consulting.com\/esp\/wp-json\/wp\/v2\/users\/1"}],"replies":[{"embeddable":true,"href":"https:\/\/weisol-consulting.com\/esp\/wp-json\/wp\/v2\/comments?post=55"}],"version-history":[{"count":3,"href":"https:\/\/weisol-consulting.com\/esp\/wp-json\/wp\/v2\/pages\/55\/revisions"}],"predecessor-version":[{"id":140,"href":"https:\/\/weisol-consulting.com\/esp\/wp-json\/wp\/v2\/pages\/55\/revisions\/140"}],"up":[{"embeddable":true,"href":"https:\/\/weisol-consulting.com\/esp\/wp-json\/wp\/v2\/pages\/50"}],"wp:attachment":[{"href":"https:\/\/weisol-consulting.com\/esp\/wp-json\/wp\/v2\/media?parent=55"}],"curies":[{"name":"wp","href":"https:\/\/api.w.org\/{rel}","templated":true}]}}